when 99 is divided by v.
11
Let w(x) = x**3 + 22*x**2 - 58*x - 22. Let v be w(-24). Suppose -v + 438 = 2*p. Calculate the remainder when p is divided by 23.
18
Let c = -6 - 12. Let f = c + 37. What is the remainder when (-13 + 10)/((-1)/12) is divided by f?
17
Suppose -224*x = -5*b - 228*x + 10, -b = -3*x - 2. What is the remainder when 1232 is divided by b?
0
Suppose 8 = 5*v - v. Let i(d) = 3*d**2 + d - 8. What is the remainder when 20 is divided by i(v)?
2
What is the remainder when 267 is divided by -14*(1 + -2)*6102/791?
51
Suppose 459 = 2*u - 143. Let g = -163 + u. Let r = -31379 + 31407. Calculate the remainder when g is divided by r.
26
Let o(j) be the third derivative of 3*j**4/4 + 5*j**3/6 + 13*j**2 - 2. Calculate the remainder when o(3) is divided by 10.
9
Suppose -w + 3*o + 292 = 4*o, 0 = 4*w + o - 1180. What is the remainder when 612 is divided by w?
20
Let n(l) = 5*l + 3. Let z be n(-3). Let p be (-4468)/z - (-8)/(-6) - 3. Suppose -10*f = -p + 78. What is the remainder when f is divided by 16?
13
Let r = 11 - 23. Let w = r - -57. Suppose 77 = -3*f + 6*f + 5*s, 2*f = 3*s + w. What is the remainder when 47 is divided by f?
23
Suppose 5*w - w - 248 = 0. Suppose -5*t = 11*t - 27*t + 143. Calculate the remainder when w is divided by t.
10
Let u be (3 - 2) + -1 - -72. Suppose 21 = w + 17. Suppose u = g + w. What is the remainder when g is divided by 24?
20
Let m = 32 + -30. What is the remainder when m/(-8) - 1980/(-48) is divided by 23?
18
Let f be ((-8)/18 + 1548/(-162))/2. Calculate the remainder when 56/(1/(f/(-2))) is divided by 48.
44
Suppose -404 = 429*a - 431*a + 4*b, -5*a - 5*b = -920. What is the remainder when 333 is divided by a?
143
Suppose -9*a - 126 = -0*a. Let f = 17 + a. Suppose -5*n = 2*o - 140 + 40, n + f*o = 20. What is the remainder when n is divided by 3?
2
Suppose 0 = -3*d - 5*k + 664, -1250 = -5*d + 3*k - 200. Calculate the remainder when d is divided by (4 + 423/27 + -19)*111.
65
Let m(g) = 1317*g + 1063. What is the remainder when m(7) is divided by 187?
184
Let f = 227 - 130. Let s be -3*50/15*3/6. Calculate the remainder when f is divided by (0 - -28) + (0 - s).
31
Suppose -5*m - 20 = 0, -g + 0*g + 2*m = -147. Let b = -966 + 1037. What is the remainder when g is divided by b?
68
Let p(a) = -a**3 + 11*a**2 - 4*a - 2. Suppose -1196*g = -1195*g - 5. Calculate the remainder when p(9) is divided by g.
4
Let s = -278 - -278. Suppose -20*m - 2865 + 10205 = s. Calculate the remainder when m is divided by 41.
39
Let p(w) = w**2 - 16*w + 35. Let z be p(20). Suppose z = 5*b - 5*h, -12*b + 155 = -7*b + 3*h. Calculate the remainder when 51 is divided by b.
23
Let x = -208 - -208. Suppose i = -2*m + 77, x*m - 4*i + 113 = 3*m. Calculate the remainder when m is divided by (-241)/(-9) - 2/(-9).
12
Suppose -26372 = -100*g + 24*g. What is the remainder when g is divided by 178?
169
Suppose 7*m - 21*m - 8*m = 0. Suppose -27 = -3*n - 2*t, 9 = 3*t - m. Calculate the remainder when 32 + 1 + (0 - 0) is divided by n.
5
Calculate the remainder when (-291)/(-1) - (20 + -15 + -1) is divided by 17.
15
What is the remainder when 9322 is divided by ((-345)/(-12) - 1)/(-2 - (-54)/24)?
109
Let c be 2/(-4) + (-34)/(-4) + -6. Suppose 7*p - 184 = -c*f + 4*p, 3*p = 2*f - 172. Calculate the remainder when f is divided by 46.
43
Let q(u) = 3 + 30*u**2 - u + 1 + 3*u - 3. What is the remainder when 2/4*(141 - (4 - 29)) is divided by q(-1)?
25
Let i = -327 - -425. Suppose 3469 + i = 41*k. Calculate the remainder when k is divided by 35.
17
Suppose -194*j - 223256 - 52950 = -556*j. What is the remainder when j is divided by 19?
3
Let l be 2 + (-282)/8 - (-7)/28. Let q = 86 + l. Calculate the remainder when 156 is divided by q.
50
Suppose 35*p - 33*p + 253 - 891 = 0. Let c be (-2 + 1)*1 - 1. Calculate the remainder when 2/22*c + 35148/p is divided by 16.
14
Let o = 309 + -50. Suppose -14*q + 119 = -o. Let b(z) = 2*z**3 - 5*z**2 + z - 1. Calculate the remainder when b(4) is divided by q.
24
Suppose 0 = -11*b + 385 - 0. Suppose -3168 = b*u - 51*u. Calculate the remainder when u is divided by 67.
64
Let z(s) = 14*s - 12. Let p be (4 - (-4 - -7))/1*3. Calculate the remainder when 236 is divided by z(p).
26
Suppose 443*u + 135300 = 503*u. What is the remainder when u is divided by 24?
23
Let f = 1 - -28. Suppose -f*u = -46*u + 340. Calculate the remainder when 65 is divided by u.
5
Suppose m - 3*j - 670 - 898 = 0, 0 = -4*j - 12. Calculate the remainder when m is divided by 157.
146
Let f(g) = -18*g + 6. Let h(c) = -3*c**3 + 10*c + 29. Calculate the remainder when f(-6) is divided by h(0).
27
Suppose 11*x = 2564 + 197. Let r = -213 + x. What is the remainder when 264 is divided by r?
36
Suppose 5*z = 4*h + 187, -2*h - 135 = -3*z - 20. Calculate the remainder when 2355 is divided by z.
33
Let a be ((-32)/40)/((-18)/15)*51. Let g be -2 - (-4 - (a + 1)). Let c = g - 36. Calculate the remainder when 2 is divided by c.
0
Let y(r) = r**2 - 4*r - 323. Calculate the remainder when y(22) is divided by 71.
2
Let p = 32 + 7. Let h = 81 - 208. Let b = -114 - h. Calculate the remainder when p is divided by b.
0
Let l = 13033 + -8823. What is the remainder when l is divided by 81?
79
Let o be 32/12 + 4/12. Suppose -319 = -b + 4*n + 114, o*b + n = 1247. What is the remainder when b is divided by 11?
10
Let k(n) = -4*n - 3. Suppose 5*u = -287 + 322. Suppose 0*f + 427 = u*f. Calculate the remainder when f is divided by k(-9).
28
What is the remainder when 922 is divided by (0 - 228)/((-513)/684)?
10
Let i(u) = 9*u**2 - 811*u + 355. What is the remainder when 1244 is divided by i(90)?
184
Let l(f) = -f**3 + 47*f**2 + 100*f - 4. What is the remainder when 2060 is divided by l(49)?
86
Suppose 16380 = 86*w - 9162. Calculate the remainder when w is divided by 80.
57
Let z(w) = w**3 - 26*w**2 + 144*w + 98. Let b = -68 + 95. What is the remainder when z(18) is divided by b?
17
Suppose -2*a = -c - 1721, -3*c + 1629 - 5074 = -4*a. Calculate the remainder when a is divided by 20.
19
Suppose -2*h - 2*h + 44 = 0. Let q = 34867 - 34814. Calculate the remainder when q is divided by h.
9
Let a be 0/(17 - 1)*(-2)/(-6). Suppose z - 4*s - 27 = a, -6 = -5*s - 11. Suppose 4*b = 134 + 38. What is the remainder when b is divided by z?
20
Suppose 0 = 3*j + 2*a - 348, 3*a + 34 = -3*j + 379. What is the remainder when j is divided by 20?
18
Let x(s) = -3*s**3 - 24*s**2 + 11*s + 82. What is the remainder when x(-9) is divided by 77?
72
Suppose -604 - 137 = -39*b. Calculate the remainder when 354 is divided by b.
12
Let p(k) = 15*k - 42. Calculate the remainder when (-4*28/24)/((-4)/108) is divided by p(5).
27
Suppose 8*a - 6 = 2*a. Let g be (12/8 - a)*2*-1. Calculate the remainder when 34 is divided by (g/3)/((-3)/162).
16
Let x(u) = -u**2 + 10*u - 7. Let t be x(7). What is the remainder when 61 is divided by (-1 - (-7)/t)*-76?
23
Suppose 25*r + 8833 = 30*r + 728. What is the remainder when r is divided by 327?
313
Suppose -144*o - 123*o + 354*o = 23664. Calculate the remainder when o is divided by 49.
27
Let m = -1871 + 2018. Calculate the remainder when 440 is divided by m.
146
Let p = -40374 + 40499. Calculate the remainder when 432 is divided by p.
57
Let k(p) = -13*p + 67. Let s be k(5). What is the remainder when 57 is divided by (-8)/(-10)*55/s?
13
Let o(g) = 1682*g - 7896. What is the remainder when o(5) is divided by 41?
22
Suppose 3*p = -5 + 68. Let t(c) = c**2 - 3*c - 8. Let i be t(5). Suppose 4*w + 288 = i*r, 2*w = -3*r + w + 439. Calculate the remainder when r is divided by p.
20
Let w(h) = h**2 - 7*h + 14. Let l be (-2 - -10) + (7 - 9). Let k(v) = v**3 - 5*v**2 - 2*v - 19. Let r be k(l). What is the remainder when 7 is divided by w(r)?
3
Let s(r) = -r**3 + 9*r**2 - 12*r + 32. Let x be s(8). Suppose -6*o + 11*o = -4*p + 115, x = -4*p. Calculate the remainder when 63 is divided by o.
17
What is the remainder when 5646 is divided by (-12)/(-3)*60/15?
14
Let m(u) = -2*u**3 - 43*u**2 - 20 + 3*u**3 - 6*u + 33*u**2. What is the remainder when m(11) is divided by 5?
0
What is the remainder when 487058/390 + 4/(-6) + 36/45 is divided by 175?
24
What is the remainder when 1098 is divided by ((-1)/(-14))/(1/(-8)) + (-422619)/(-16527)?
23
Suppose 36*l = 23*l + 312. Let t(a) = -18*a + 6. Calcul